{"id":482,"date":"2020-05-15T11:45:22","date_gmt":"2020-05-15T11:45:22","guid":{"rendered":"http:\/\/www.ourancient.eu\/?page_id=482"},"modified":"2020-06-15T07:35:09","modified_gmt":"2020-06-15T07:35:09","slug":"sarsan-kivikautinen-asuinalue-loytyi-kangasalla-v-1920","status":"publish","type":"page","link":"https:\/\/ourancient.eu\/?page_id=482","title":{"rendered":"Sarsan kivikautinen asuinalue l\u00f6ytyi Kangasalla v. 1920"},"content":{"rendered":"<p>[et_pb_section fb_built=&#8221;1&#8243; custom_padding_last_edited=&#8221;on|phone&#8221; _builder_version=&#8221;4.4.7&#8243; background_color=&#8221;rgba(0,0,0,0)&#8221; use_background_color_gradient=&#8221;on&#8221; background_color_gradient_start=&#8221;#FFEBC1&#8243; background_color_gradient_end=&#8221;rgba(0,0,0,0)&#8221; background_color_gradient_direction=&#8221;183deg&#8221; background_color_gradient_end_position=&#8221;69%&#8221; background_color_gradient_overlays_image=&#8221;on&#8221; background_image=&#8221;http:\/\/www.ourancient.eu\/wp-content\/uploads\/2020\/03\/Muinaisen-Sarsan-Salaisuudet-ilmeen-luonnoskuvat-.003.jpeg&#8221; height=&#8221;416px&#8221; height_tablet=&#8221;223px&#8221; height_phone=&#8221;175px&#8221; height_last_edited=&#8221;on|phone&#8221; custom_margin=&#8221;0px||||false|false&#8221; custom_padding=&#8221;178px||0px||false|false&#8221; custom_padding_tablet=&#8221;0px||86px||false|false&#8221; custom_padding_phone=&#8221;0px||||false|false&#8221; filter_saturate=&#8221;110%&#8221; bottom_divider_style=&#8221;ramp2&#8243; bottom_divider_color=&#8221;#ffffff&#8221; bottom_divider_height=&#8221;218px&#8221; bottom_divider_height_tablet=&#8221;&#8221; bottom_divider_height_phone=&#8221;135px&#8221; bottom_divider_height_last_edited=&#8221;on|phone&#8221; locked=&#8221;off&#8221;][et_pb_row _builder_version=&#8221;4.0.4&#8243; custom_margin=&#8221;-1px||||false|false&#8221; custom_margin_tablet=&#8221;&#8221; custom_margin_phone=&#8221;-15px||||false|false&#8221; custom_margin_last_edited=&#8221;on|phone&#8221;][et_pb_column type=&#8221;4_4&#8243; _builder_version=&#8221;4.0.4&#8243;][et_pb_text _builder_version=&#8221;4.4.7&#8243; text_font=&#8221;Snell Roundhand||||||||&#8221; text_text_color=&#8221;#ffffff&#8221; text_font_size=&#8221;73px&#8221; text_letter_spacing=&#8221;10px&#8221; header_font=&#8221;Snell Roundhand||||||||&#8221; header_text_color=&#8221;#FFFFFF&#8221; header_font_size=&#8221;94px&#8221; custom_margin=&#8221;-170px||||false|false&#8221; text_font_size_tablet=&#8221;73px&#8221; text_font_size_phone=&#8221;&#8221; text_font_size_last_edited=&#8221;on|tablet&#8221; header_font_size_tablet=&#8221;85px&#8221; header_font_size_phone=&#8221;71px&#8221; header_font_size_last_edited=&#8221;on|phone&#8221; header_letter_spacing_tablet=&#8221;&#8221; header_letter_spacing_phone=&#8221;4px&#8221; header_letter_spacing_last_edited=&#8221;on|phone&#8221; header_line_height_tablet=&#8221;0.9em&#8221; header_line_height_phone=&#8221;0.8em&#8221; header_line_height_last_edited=&#8221;on|phone&#8221; text_text_shadow_style=&#8221;preset3&#8243; text_text_shadow_color=&#8221;rgba(0,0,0,0.66)&#8221; header_text_shadow_style=&#8221;preset2&#8243; header_text_shadow_horizontal_length=&#8221;0.04em&#8221; header_text_shadow_vertical_length=&#8221;0.04em&#8221; header_text_shadow_color=&#8221;rgba(0,0,0,0.87)&#8221; header_text_shadow_blur_strength_tablet=&#8221;0.08em&#8221; header_text_shadow_blur_strength_phone=&#8221;0.08em&#8221; header_text_shadow_blur_strength_last_edited=&#8221;on|phone&#8221;]<\/p>\n<h1 style=\"text-align: center;\">Historia<\/h1>\n<p>[\/et_pb_text][\/et_pb_column][\/et_pb_row][\/et_pb_section][et_pb_section fb_built=&#8221;1&#8243; _builder_version=&#8221;4.0.4&#8243; custom_margin=&#8221;0px||0px||false|false&#8221; locked=&#8221;off&#8221;][et_pb_row _builder_version=&#8221;4.0.4&#8243; custom_margin=&#8221;0px||||false|false&#8221; custom_margin_tablet=&#8221;-20px||||false|false&#8221; custom_margin_phone=&#8221;-66px||||false|false&#8221; custom_margin_last_edited=&#8221;on|phone&#8221;][et_pb_column type=&#8221;4_4&#8243; _builder_version=&#8221;4.0.4&#8243;][et_pb_text _builder_version=&#8221;4.0.4&#8243; text_font=&#8221;Snell Roundhand||||||||&#8221; text_text_color=&#8221;#474747&#8243; text_font_size=&#8221;79px&#8221; text_line_height=&#8221;0.9em&#8221; header_text_color=&#8221;#474747&#8243; transform_skew=&#8221;-9deg|0deg&#8221; transform_skew_linked=&#8221;off&#8221; custom_margin=&#8221;|||-87px|false|false&#8221; custom_margin_tablet=&#8221;0px|||0px|false|false&#8221; custom_margin_phone=&#8221;|||0px|false|false&#8221; custom_margin_last_edited=&#8221;on|phone&#8221; text_font_size_tablet=&#8221;53px&#8221; text_font_size_phone=&#8221;33px&#8221; text_font_size_last_edited=&#8221;on|phone&#8221; text_line_height_tablet=&#8221;0.9em&#8221; text_line_height_phone=&#8221;0.9em&#8221; text_line_height_last_edited=&#8221;on|phone&#8221; header_font_size_tablet=&#8221;26px&#8221; header_font_size_phone=&#8221;&#8221; header_font_size_last_edited=&#8221;on|tablet&#8221;]<\/p>\n<p>Sarsan kivikautinen asuinalue l\u00f6ytyi Kangasalla v. 1920<\/p>\n<p>[\/et_pb_text][et_pb_text _builder_version=&#8221;4.0.4&#8243; text_font=&#8221;Arial||||||||&#8221; text_text_color=&#8221;#474747&#8243; text_font_size=&#8221;20px&#8221; header_text_color=&#8221;#474747&#8243; transform_skew=&#8221;-9deg|0deg&#8221; transform_skew_linked=&#8221;off&#8221; custom_margin=&#8221;|||-87px|false|false&#8221; custom_margin_tablet=&#8221;-23px|||0px|false|false&#8221; custom_margin_phone=&#8221;-14px||-8px|0px|false|false&#8221; custom_margin_last_edited=&#8221;on|phone&#8221; text_font_size_tablet=&#8221;17px&#8221; text_font_size_phone=&#8221;16px&#8221; text_font_size_last_edited=&#8221;on|phone&#8221; locked=&#8221;off&#8221;]<\/p>\n<p>Heikki M\u00e4enp\u00e4\u00e4<\/p>\n<p>[\/et_pb_text][\/et_pb_column][\/et_pb_row][et_pb_row _builder_version=&#8221;4.0.4&#8243;][et_pb_column type=&#8221;4_4&#8243; _builder_version=&#8221;4.0.4&#8243;][et_pb_image src=&#8221;http:\/\/www.ourancient.eu\/wp-content\/uploads\/2020\/05\/WP_20170820_10_48_51_Pro-scaled.jpg&#8221; _builder_version=&#8221;4.0.4&#8243; max_width=&#8221;71%&#8221; max_width_tablet=&#8221;81%&#8221; max_width_phone=&#8221;89%&#8221; max_width_last_edited=&#8221;on|phone&#8221; module_alignment=&#8221;center&#8221; custom_margin=&#8221;-1px||||false|false&#8221; custom_margin_tablet=&#8221;&#8221; custom_margin_phone=&#8221;-27px||||false|false&#8221; custom_margin_last_edited=&#8221;on|phone&#8221;][\/et_pb_image][et_pb_text _builder_version=&#8221;4.4.8&#8243; text_line_height=&#8221;1.6em&#8221; custom_margin=&#8221;|155px||157px|false|false&#8221; custom_margin_tablet=&#8221;-25px|0px||59px|false|false&#8221; custom_margin_phone=&#8221;-20px|-1px||20px|false|false&#8221; custom_margin_last_edited=&#8221;on|phone&#8221; custom_padding=&#8221;|||8px|false|false&#8221; hover_enabled=&#8221;0&#8243; text_font_size_tablet=&#8221;&#8221; text_font_size_phone=&#8221;11px&#8221; text_font_size_last_edited=&#8221;on|phone&#8221; border_radii=&#8221;off||||&#8221; border_width_left=&#8221;5px&#8221; border_color_left=&#8221;#EDAC71&#8243; locked=&#8221;off&#8221;]<\/p>\n<p><em>W\u00e4\u00e4ksyn kartanon navetta &amp; ja talli rakennettiin kes\u00e4ll\u00e4 1920. Samalla l\u00f6ytyi Kangasalta yksi Suomen merkitt\u00e4vimmist\u00e4 muinaismuistoalueista.\u00a0 ( kuva: Heikki M\u00e4enp\u00e4\u00e4)<\/em><\/p>\n<p>[\/et_pb_text][\/et_pb_column][\/et_pb_row][et_pb_row _builder_version=&#8221;4.0.4&#8243; custom_margin=&#8221;-20px||||false|false&#8221; custom_margin_last_edited=&#8221;off|desktop&#8221;][et_pb_column type=&#8221;4_4&#8243; _builder_version=&#8221;4.0.4&#8243;][et_pb_text _builder_version=&#8221;4.0.4&#8243; text_font=&#8221;Arial||on||||||&#8221; text_text_color=&#8221;#000000&#8243; text_font_size=&#8221;17px&#8221; custom_margin=&#8221;|0px||0px|false|false&#8221; custom_margin_tablet=&#8221;-25px|0px||59px|false|false&#8221; custom_margin_phone=&#8221;-20px|-1px||20px|false|false&#8221; custom_margin_last_edited=&#8221;on|phone&#8221; custom_padding=&#8221;|||0px||&#8221; text_font_size_tablet=&#8221;14px&#8221; text_font_size_phone=&#8221;13px&#8221; text_font_size_last_edited=&#8221;on|phone&#8221;]<\/p>\n<p><span style=\"font-weight: 400;\">Kes\u00e4ll\u00e4 1920 rakennettiin Kangasalla W\u00e4\u00e4ksyn kartanon navettaa ja tallia.\u00a0 Poika nimelt\u00e4\u00e4n <\/span><b>Sakari<\/b><span style=\"font-weight: 400;\"> oli hakemassa hevosk\u00e4rryill\u00e4 hiekkaa l\u00e4heiselt\u00e4 hiekkakuopalta. Hevosen nimi oli<\/span><b> Jekku<\/b><span style=\"font-weight: 400;\">. Jos kuormaan tuli Jekun mielest\u00e4 liikaa hiekkaa se ei l\u00e4htenyt liikkeelle ennen kuin kuormaa oli v\u00e4hennetty.\u00a0 Sakari teki liian suuren kuorman ja joutui poistamaan hiekkaa kuormasta.\u00a0 Silloin h\u00e4n l\u00f6ysi kuormasta kaksi kivikautista kivitalttaa.\u00a0 Etsiess\u00e4\u00e4n uudelleen kaivamastaan paikasta h\u00e4n l\u00f6ysi niit\u00e4 viel\u00e4 lis\u00e4\u00e4.<\/span><\/p>\n<p><span style=\"font-weight: 400;\">Sakari\u00a0 vei l\u00f6yt\u00f6ns\u00e4 kotiin is\u00e4lleen <\/span><b>suutari Anton Autiolle<\/b><span style=\"font-weight: 400;\">. Is\u00e4 ja poika l\u00e4htiv\u00e4t tutkimaan l\u00f6yt\u00f6paikkaa. He l\u00e4hettiv\u00e4t l\u00f6yd\u00f6t Kansallismuseoon museoviraston p\u00e4\u00e4llik\u00f6lle <\/span><b>Sakari P\u00e4lsille.<\/b><span style=\"font-weight: 400;\"> Suutari Anton Autio kirjoitti l\u00f6yt\u00f6jen mukana l\u00e4hett\u00e4m\u00e4ss\u00e4\u00e4n kirjeess\u00e4:<\/span><\/p>\n<p><span style=\"font-weight: 400;\">\u201c<\/span><i><span style=\"font-weight: 400;\">Maa n\u00e4ytt\u00e4\u00e4 likaantuneelta ja ik\u00e4\u00e4n kuin tiiviiksi tallatulta noin kolmenkymmenen sentin syvyydess\u00e4 verrattuna muualla oleviin maakerrostumiin samassa syvyydess\u00e4<\/span><\/i><span style=\"font-weight: 400;\">.\u201d \u00a0 <\/span><\/p>\n<p><span style=\"font-weight: 400;\">Sakari P\u00e4lsi saapui Kangasalle ja aloitti kaivaukset <\/span><b>12. 9. 1920 Pohtiolammella<\/b><span style=\"font-weight: 400;\">. Kangasalan Sarsa, yksi Suomen merkitt\u00e4vimmist\u00e4 muinaismuistoalueista oli l\u00f6ytynyt. Kaivauksen tuloksia P\u00e4lsi tarkasteli artikkelissa \u201cPohtion kivikautinen asuinpaikka Kangasalla\u201d. H\u00e4nen mukaansa asuinpaikka edusti j\u00e4\u00e4kauden j\u00e4lkeist\u00e4 ensiasutusta.<\/span><\/p>\n<p><span style=\"font-weight: 400;\">\u00a0<\/span><\/p>\n<p><span style=\"font-weight: 400;\">Sakari P\u00e4lsi teki Pohtion ja Sarsan alueella kaivauksia vuosina 1921 ja 1923 todeten samalla asuinpaikkoja olevan enemm\u00e4n. H\u00e4n yritti saada\u00a0 tutkimuksilleen lis\u00e4rahoitusta, mutta ei n\u00e4ht\u00e4v\u00e4sti onnistunut. P\u00e4lsi palasi viel\u00e4 vuonna 1932 Sep\u00e4nj\u00e4rven asuinpaikalle tekem\u00e4\u00e4n kaivauksen. H\u00e4n l\u00f6ysi kuparin palan, ensimm\u00e4isen Suomesta kivikautiselta asuinpaikalta l\u00f6ydetyn. My\u00f6hemmin el\u00e4kkeelle j\u00e4\u00e4ty\u00e4\u00e4n 1950 h\u00e4n julkaisi esihistoriallisen romaanin<\/span><\/p>\n<p><span style=\"font-weight: 400;\">&#8220;<\/span><b>Kova mies ja Nimet\u00f6n<\/b><span style=\"font-weight: 400;\">&#8220;, jonka monet viittaukset sijoittuvat Sarsan alueelle. Innoituksen kirjaansa h\u00e4nen kerrotaan saaneen Sep\u00e4nj\u00e4rvelt\u00e4 l\u00f6yt\u00e4m\u00e4st\u00e4\u00e4n kuparin palasta. Syksyst\u00e4 1920 l\u00e4htien\u00a0 Sarsan muinaismuistoalueelle on tehty lukuisia kaivauksia ja <\/span><a href=\"https:\/\/drive.google.com\/file\/d\/1GfpwKUysabwzKMZg-wVdt3BthwIgCOmC\/view?usp=sharing\" target=\"_blank\" rel=\"noopener noreferrer\"><span style=\"font-weight: 400;\">muita tutkimuksia<\/span><\/a><span style=\"font-weight: 400;\">.\u00a0<\/span><\/p>\n<p><span style=\"font-weight: 400;\">\u00a0<\/span><\/p>\n<p><span style=\"font-weight: 400;\">L\u00e4hteet: Kangasalan Joulu-lehti,<\/span><span style=\"font-weight: 400;\">\u00a0prof. Aulis Aarnion tutkimukset &amp; tuottaja Heikki M\u00e4enp\u00e4\u00e4n selvitykset\u00a0<\/span><\/p>\n<p>[\/et_pb_text][\/et_pb_column][\/et_pb_row][\/et_pb_section]<\/p>\n","protected":false},"excerpt":{"rendered":"<p>HistoriaSarsan kivikautinen asuinalue l\u00f6ytyi Kangasalla v. 1920Heikki M\u00e4enp\u00e4\u00e4W\u00e4\u00e4ksyn kartanon navetta &amp; ja talli rakennettiin kes\u00e4ll\u00e4 1920. Samalla l\u00f6ytyi Kangasalta yksi Suomen merkitt\u00e4vimmist\u00e4 muinaismuistoalueista.\u00a0 ( kuva: Heikki M\u00e4enp\u00e4\u00e4)Kes\u00e4ll\u00e4 1920 rakennettiin Kangasalla W\u00e4\u00e4ksyn kartanon navettaa ja tallia.\u00a0 Poika nimelt\u00e4\u00e4n Sakari oli hakemassa hevosk\u00e4rryill\u00e4 hiekkaa l\u00e4heiselt\u00e4 hiekkakuopalta. Hevosen nimi oli Jekku. Jos kuormaan tuli Jekun mielest\u00e4 liikaa hiekkaa [&hellip;]<\/p>\n","protected":false},"author":2,"featured_media":0,"parent":27,"menu_order":0,"comment_status":"closed","ping_status":"closed","template":"","meta":{"_et_pb_use_builder":"on","_et_pb_old_content":"","_et_gb_content_width":"","footnotes":""},"class_list":["post-482","page","type-page","status-publish","hentry"],"_links":{"self":[{"href":"https:\/\/ourancient.eu\/index.php?rest_route=\/wp\/v2\/pages\/482","targetHints":{"allow":["GET"]}}],"collection":[{"href":"https:\/\/ourancient.eu\/index.php?rest_route=\/wp\/v2\/pages"}],"about":[{"href":"https:\/\/ourancient.eu\/index.php?rest_route=\/wp\/v2\/types\/page"}],"author":[{"embeddable":true,"href":"https:\/\/ourancient.eu\/index.php?rest_route=\/wp\/v2\/users\/2"}],"replies":[{"embeddable":true,"href":"https:\/\/ourancient.eu\/index.php?rest_route=%2Fwp%2Fv2%2Fcomments&post=482"}],"version-history":[{"count":8,"href":"https:\/\/ourancient.eu\/index.php?rest_route=\/wp\/v2\/pages\/482\/revisions"}],"predecessor-version":[{"id":564,"href":"https:\/\/ourancient.eu\/index.php?rest_route=\/wp\/v2\/pages\/482\/revisions\/564"}],"up":[{"embeddable":true,"href":"https:\/\/ourancient.eu\/index.php?rest_route=\/wp\/v2\/pages\/27"}],"wp:attachment":[{"href":"https:\/\/ourancient.eu\/index.php?rest_route=%2Fwp%2Fv2%2Fmedia&parent=482"}],"curies":[{"name":"wp","href":"https:\/\/api.w.org\/{rel}","templated":true}]}}